4
Let t = 14 + 67. What is the remainder when t is divided by 21?
18
Suppose -d - 3*n - 7 = 0, -d - n - 61 = 3*d. Let x = d + 19. Calculate the remainder when x is divided by (-2)/(-7) + (-24)/(-14).
1
Suppose -3*p + 136 = p - f, -4*p = 3*f - 152. Suppose p = 4*z - 25. Calculate the remainder when (-3)/(-6) - (-55)/2 is divided by z.
13
Let w(v) = -v**2 + 16*v - 29. Calculate the remainder when 19 is divided by w(13).
9
What is the remainder when 31 is divided by 1/(-6) - 335/(-30)?
9
What is the remainder when 69 is divided by (16/(-10))/((-1)/15)?
21
Suppose f - 187 = 5*f + 5*t, 2*f - 2*t = -98. Calculate the remainder when 11 is divided by f/(-9) - (-2)/3.
5
Let p(f) = 26*f**2 - 4. Let g be p(3). Suppose -g = -j - 4*j. Calculate the remainder when j is divided by 16.
14
Calculate the remainder when (-116)/(-14) + (-4)/14 is divided by 5.
3
Calculate the remainder when (-164)/(-16)*1*(-4)/(-1) is divided by 11.
8
Suppose -3*l = -5*l + 70. Let a = 85 + 17. Calculate the remainder when a is divided by l.
32
Let t = -60 - -119. What is the remainder when t is divided by 7?
3
Let y = -6 - -11. Calculate the remainder when y is divided by 40/18 + (-42)/189.
1
Let o(w) = 22*w + 2. Let h be o(3). Suppose 0 = z + 3*z - h. What is the remainder when z is divided by 10?
7
Let d(v) = v + 14. Calculate the remainder when 61 is divided by d(7).
19
Let n = -4 - -5. What is the remainder when 1 is divided by n?
0
Let v be (-30)/(-7) + 2/(-7). Suppose n - 74 = -v*n + 4*g, -2*n + 3*g + 24 = 0. Calculate the remainder when 52 is divided by n.
16
Let v = -6 + 11. What is the remainder when v is divided by (-2)/(-8) - (-60)/16?
1
Let s be 798/54 - 4/(-18). Suppose -4*q = -9*q + s. Suppose q + 6 = c. What is the remainder when c is divided by 3?
0
Calculate the remainder when 4/24*3*26 is divided by 7.
6
Let k = 0 - -2. Let j = -13 + 21. Suppose 10*b - 6*b - j = 0. Calculate the remainder when b is divided by k.
0
Suppose -2*a = 0, -2*k + 7*a - 2*a + 38 = 0. What is the remainder when k is divided by 7?
5
Suppose -21 = 3*j + 2*h - 62, 3*h - 34 = -2*j. What is the remainder when j is divided by 2/(-4) + 7/2?
2
Suppose 5*a - 2*h = -4*h - 51, 2*a = 4*h - 6. Calculate the remainder when 5 is divided by 2/(-6)*1*a.
2
Let w be (1/(-2))/((-5)/1260). Suppose 0 = 3*r - 4*r + 3. Suppose 3 = r*n - w. What is the remainder when n is divided by 15?
13
Suppose -3*f + 0*f + 3 = 0. What is the remainder when (12/(-16))/(f/(-8)) is divided by 2?
0
Suppose 5*a - 611 = 2*t, 5*t + 337 = 3*a - 22. What is the remainder when a is divided by 42?
39
Let w(z) = 18*z**2 - 6*z - 4. What is the remainder when w(-1) is divided by 6?
2
Suppose 0 = k - 9 + 6. Suppose -53 = -k*x + 10. Suppose 0*v - 4*v - 216 = -5*s, 76 = 2*s + v. What is the remainder when s is divided by x?
19
Let v(c) = c**2 - 2*c + 3. Suppose -588 = -9*l - 5*l. Calculate the remainder when l is divided by v(4).
9
Let v = 44 - -44. What is the remainder when v is divided by 18?
16
Suppose -2*g - 29 = -w + 3*g, 0 = -3*w + 4*g + 120. What is the remainder when 219 is divided by w?
43
Let z(l) = -l**3 - 6*l**2 - 2*l - 8. Let n be z(-6). Suppose -g - 20 = -2*g + 5*t, n*t = 5*g - 100. What is the remainder when g is divided by 7?
6
Suppose 0 = -4*t - 3*j + 149, -5*j + 98 = -0*t + 3*t. Suppose 5*d = 5*u - 130, u - 37 = 3*d - 1. Calculate the remainder when t is divided by u.
20
Suppose 2*j - 10 = 108. Suppose -j - 23 = -2*a. Calculate the remainder when a is divided by 11.
8
Suppose -g = 4*g - 5*q - 55, -5*q = 3*g - 73. Calculate the remainder when 79 is divided by g.
15
Suppose 3*c + 0*c = -h - 2, -2*h - 4*c = -2. What is the remainder when h is divided by 5?
2
Let i = -144 + 245. Suppose -z - 153 = -5*b - 0*z, 4*z - i = -3*b. What is the remainder when b is divided by 8?
7
Let h(y) be the third derivative of y**6/120 - y**5/15 - y**4/24 - 4*y**2. Calculate the remainder when 59 is divided by h(5).
19
Let b(d) = d**2 - d + 3. Let v be b(3). Suppose -l + v = -3*i, -3*i + 0*i = 0. Calculate the remainder when 16 is divided by l.
7
Let c = 63 + -16. Calculate the remainder when 140 is divided by c.
46
What is the remainder when 93 is divided by 24/(2/8*3)?
29
Suppose z - 6*z = -2*w - 60, w = -4*z + 61. Let y = 22 - z. Suppose 3*q + 4*h - 54 = 0, -5*q = -h - 29 - 84. Calculate the remainder when q is divided by y.
6
What is the remainder when (3*(-10)/45)/(1/(-51)) is divided by 12?
10
Calculate the remainder when (220/(-25))/((4/5)/(-2)) is divided by 6.
4
Let p be (-4)/8 - 9/2. Let q(l) = -l + 2. Calculate the remainder when 27 is divided by q(p).
6
Let v(y) = y**2 + 7. Let z be v(0). Suppose l - 2*d + d - z = 0, 0 = 3*l - 4*d - 25. Calculate the remainder when 4 is divided by l.
1
Let b(v) = -9*v + 7. Let j be b(-8). Suppose m + 5*f = 50, f + j + 103 = 3*m. Suppose m = w + 3*w. What is the remainder when 29 is divided by w?
14
Let g = 1 + 0. Calculate the remainder when (17 - g) + (-6 - -9) is divided by 7.
5
Let d = 15 - -9. Calculate the remainder when d is divided by 9.
6
What is the remainder when (-408)/(-10) + (-24)/30 is divided by ((-42)/(-4))/(1/2)?
19
Let p(l) = -2*l + 11. What is the remainder when p(-8) is divided by 11?
5
Let q = -10 + 21. Suppose -5*g + 60 = -4*z, 5*g = 5*z + 29 + 26. Suppose x - 4 = g. Calculate the remainder when x is divided by q.
9
Let t(i) = -i + 8. Let o be t(8). Suppose -3*v + o = -3. Calculate the remainder when v is divided by 1.
0
Let k(j) = 2*j + 4. Let f(d) = 3*d + 7. Let h(t) = -3*f(t) + 5*k(t). Let y = -88 - -95. Calculate the remainder when y is divided by h(4).
1
Suppose -q = 2*a + 4*q - 18, -2*q + 36 = 4*a. What is the remainder when 32 is divided by a?
5
Suppose 5*r + 0*r - 35 = 0. Let i(m) = -2*m + 8. Let x be i(10). Let z = x + 25. What is the remainder when z is divided by r?
6
Suppose -11*z - 568 = -19*z. Let w(u) = u**3 + 8*u**2 + 5*u + 10. Let k be -6 - -1*(0 - 1). What is the remainder when z is divided by w(k)?
23
Suppose i - 100 = -0*i - 5*c, 252 = 3*i - c. Suppose -2*r = -5*j - 51, -r + 4*j + i = 4*r. Calculate the remainder when r is divided by 5.
3
Suppose 2*a + 13 = -2*h + 79, 0 = -a - 2. Let l = h + -20. Calculate the remainder when 27 is divided by l.
12
Calculate the remainder when 83 is divided by (2*(-1)/2)/1 + 22.
20
What is the remainder when -2 - 688/(-12) - (-2)/(-6) is divided by 8?
7
Suppose 15 + 0 = 3*r. What is the remainder when r is divided by 3/(-9) + (-26)/(-6)?
1
Let a = 6 - -62. Calculate the remainder when a is divided by 14.
12
What is the remainder when 94 is divided by 100/15*12/5?
14
What is the remainder when 47 is divided by 27/(-18) + 106/4?
22
Let m = 52 + 2. Calculate the remainder when m is divided by 12.
6
Suppose 2*j + 0*j - 200 = 0. Let r = 13 - -1. Calculate the remainder when 3*(-3 + j/6) is divided by r.
13
Suppose -4*u + 2*s = 67 + 81, 155 = -5*u - 5*s. Let b = -7 - u. What is the remainder when 110 is divided by b?
26
Suppose 40 + 52 = 2*i. Suppose 26 = 2*y + 2*z, y + 2*y = 4*z + 32. What is the remainder when i is divided by y?
10
Let u = 64 - 62. What is the remainder when 7 is divided by u?
1
Let b(c) = 2*c + 7. Suppose -2*l - 6 = 0, -a - a = -2*l - 16. What is the remainder when 66 is divided by b(a)?
15
What is the remainder when (4 + -3)/(2/46) is divided by (-32)/6*3/(-2)?
7
Suppose i = -4*r + 14, -2*i + 4*r + 19 = 3*r. Suppose i*h - 12*h + 70 = 0. Calculate the remainder when h is divided by 12.
11
Suppose -3*v + 3*a = -6, -3*v - 2*v + 13 = -4*a. Suppose 0*w + w + v = 0, w + 65 = 3*u. Suppose -g + u = g. What is the remainder when g is divided by 6?
4
Suppose 0 = 6*i - 3*i - 12. Let b = 4 + i. What is the remainder when 23 is divided by b?
7
Let u = 22 + -9. Calculate the remainder when u is divided by 5.
3
Suppose 8*u - 6 = 5*u. Suppose -u*z = -2*v - 6, 3*v + 15 = 5*z + 4*v. Calculate the remainder when 9 - (z + (-1 - 0)) is divided by 4.
3
Let h be (-2)/((-12)/(-14))*-12. Suppose m = 4, m = -c - 3*m + h. Let q = 61 - 15. What is the remainder when q is divided by c?
10
Calculate the remainder when ((-6)/4)/((-10)/420) is divided by 8.
7
Let z = -82 + 96. What is the remainder when z is divided by 5?
4
Let r = -36 + 48. Calculate the remainder when r is divided by 3.
0
Let v(l) = -l**3 + 4*l**2 + 3. Let k(r) = 2*r - 7*